) in base 12?
-5a68
What is c344 (base 13) in base 11?
1925a
Convert 103033 (base 4) to base 2.
10011001111
Convert -274 (base 8) to base 7.
-356
-a98 (base 11) to base 8
-2445
What is -42203 (base 6) in base 13?
-278a
2244 (base 13) to base 2
1001010110100
Convert -10233120 (base 4) to base 7.
-110415
What is -43d (base 14) in base 15?
-3ae
What is -14125 (base 6) in base 15?
-9c8
820e (base 15) to base 8
65510
Convert -326 (base 15) to base 9.
-870
What is -20022 (base 5) in base 16?
-4ee
-371 (base 8) to base 6
-1053
-47a (base 11) to base 2
-1000111011
What is 243141 (base 5) in base 13?
4236
Convert 10331 (base 5) to base 12.
4b8
Convert 10b (base 14) to base 11.
179
Convert 121112 (base 3) to base 10.
446
What is 1372 (base 14) in base 9?
4633
What is 101111011101 (base 2) in base 8?
5735
44136 (base 7) to base 13
5052
What is 10011111010 (base 2) in base 4?
103322
1000001200 (base 3) to base 5
1112403
What is -116 (base 11) in base 10?
-138
1644b (base 12) to base 15
960e
-10012344 (base 5) to base 6
-1410111
Convert -15 (base 12) to base 13.
-14
3529 (base 14) to base 9
13616
What is -2b2 (base 13) in base 8?
-743
What is -361 (base 11) in base 10?
-430
-33150 (base 9) to base 8
-52754
30175 (base 11) to base 10
44126
Convert 563 (base 10) to base 15.
278
Convert 982 (base 10) to base 5.
12412
What is -1000 (base 8) in base 9?
-628
-30221 (base 4) to base 15
-38e
Convert -324a (base 14) to base 13.
-3c56
Convert 210 (base 11) to base 10.
253
2a97 (base 11) to base 3
12110100
Convert 10010012 (base 4) to base 9.
24745
110101011 (base 2) to base 6
1551
What is -14259 (base 10) in base 6?
-150003
What is -111100101 (base 2) in base 7?
-1262
162a (base 11) to base 2
100000101001
5252 (base 9) to base 5
110404
Convert -10100110111 (base 2) to base 10.
-1335
Convert 0 (base 4) to base 3.
0
Convert -42030 (base 5) to base 3.
-10210102
Convert -a98 (base 15) to base 8.
-4531
Convert 155f (base 16) to base 2.
1010101011111
Convert -4915 (base 14) to base 4.
-3013113
Convert 14301 (base 12) to base 16.
6db1
Convert -10110101111 (base 2) to base 12.
-a13
720 (base 12) to base 15
48c
Convert 483 (base 13) to base 15.
373
Convert 6659 (base 10) to base 6.
50455
Convert 14410 (base 8) to base 15.
1d73
Convert -2222001 (base 3) to base 14.
-b05
What is -3172 (base 10) in base 14?
-1228
-2320 (base 5) to base 15
-175
What is -aa6 (base 12) in base 2?
-11000011110
Convert 6b4 (base 13) to base 14.
5cd
Convert -26462 (base 8) to base 7.
-45506
What is 9c35 (base 15) in base 16?
8165
What is -24305 (base 11) in base 14?
-ca62
What is -122212201 (base 3) in base 2?
-11001011101001
-626c (base 14) to base 8
-41070
1a16 (base 16) to base 5
203203
Convert 1d03 (base 14) to base 8.
12257
4dd3 (base 16) to base 12
b643
Convert 2cf (base 16) to base 4.
23033
What is -383 (base 9) in base 2?
-100111110
What is 10103 (base 4) in base 16?
113
What is 987 (base 13) in base 8?
3140
Convert -34 (base 12) to base 3.
-1111
Convert -21417 (base 8) to base 5.
-241400
-19077 (base 10) to base 14
-6d49
5622 (base 14) to base 11
1023a
-946 (base 12) to base 3
-1212000
Convert 108 (base 13) to base 8.
261
Convert 1000212 (base 3) to base 9.
1025
What is -112220 (base 4) in base 13?
-875
-2233 (base 8) to base 6
-5243
Convert -54a2 (base 14) to base 11.
-10005
Convert -27a1 (base 16) to base 14.
-39a9
-353 (base 15) to base 5
-11003
-2506 (base 8) to base 9
-1760
What is d84c (base 16) in base 4?
31201030
Convert -577 (base 12) to base 5.
-11221
What is 100301 (base 5) in base 10?
3201
What is -244b (base 15) in base 4?
-1320221
Convert 28142 (base 10) to base 3.
1102121022
4660 (base 10) to base 2
1001000110100
1001 (base 6) to base 11
188
What is 2047 (base 8) in base 15?
4ad
What is -10102 (base 3) in base 13?
-71
What is -4370 (base 13) in base 2?
-10010010101010
What is -241244 (base 5) in base 12?
-5219
Convert -18090 (base 12) to base 14.
-c8c4
What is 256 (base 7) in base 6?
351
Convert -529 (base 10) to base 15.
-254
1100011111 (base 2) to base 7
2221
-6660 (base 7) to base 13
-1122
Convert -2210 (base 5) to base 12.
-215
What is 49d (base 16) in base 15?
53b
What is 205 (base 9) in base 6?
435
Convert -1222134 (base 5) to base 15.
-6e14
-114050 (base 7) to base 3
-1001021112
Convert -1095d (base 16) to base 14.
-1aa85
Convert 34331 (base 5) to base 3.
10101100
What is -5245 (base 11) in base 14?
-2762
756 (base 11) to base 10
908
Convert -1322b (base 12) to base 8.
-63203
Convert 171 (base 14) to base 15.
14a
What is -1122032 (base 4) in base 3?
-21220212
-3021 (base 7) to base 6
-4500
What is -1105 (base 7) in base 4?
-12031
-3510 (base 11) to base 3
-20022201
Convert -16a (base 11) to base 9.
-238
What is 53026 (base 10) in base 2?
1100111100100010
-4604 (base 11) to base 2
-1011110100110
132b (base 12) to base 13
ccb
Convert -1745 (base 10) to base 12.
-1015
What is -2321 (base 5) in base 2?
-101010000
What is -2321 (base 4) in base 7?
-353
What is a891 (base 13) in base 9?
35134
Convert -271 (base 10) to base 7.
-535
Convert -111a (base 15) to base 9.
-4867
Convert -28b (base 16) to base 5.
-10101
Convert 622 (base 9) to base 5.
4011
Convert -71204 (base 8) to base 4.
-13022010
What is b437 (base 14) in base 2?
111100100101001
Convert 100101001000 (base 2) to base 3.
10021000
111001110011 (base 2) to base 11
2863
What is -9583 (base 10) in base 11?
-7222
What is -23424 (base 6) in base 7?
-12625
Convert -386 (base 15) to base 4.
-30201
-45441 (base 7) to base 5
-332134
22022201 (base 3) to base 12
3617
What is -5bba (base 14) in base 16?
-3ea8
-2013 (base 5) to base 2
-100000010
Convert -317c (base 15) to base 13.
-49c2
-27244 (base 10) to base 16
-6a6c
Convert -18a (base 14) to base 9.
-383
3577 (base 11) to base 4
1021022
Convert -75a7 (base 13) to base 12.
-9575
-214c (base 14) to base 10
-5752
59b (base 12) to base 13
4c7
-1264 (base 7) to base 4
-13213
7b3 (base 15) to base 10
1743
-5136 (base 7) to base 2
-11011111111
-1011010000 (base 2) to base 11
-5a5
Convert 101022220 (base 3) to base 14.
2a5c
Convert -10167 (base 8) to base 10.
-4215
Convert 10011100101011 (base 2) to base 9.
14671
Convert 30 (base 15) to base 8.
55
-2002321 (base 4) to base 10
-8377
-34b (base 15) to base 11
-619
Convert 109 (base 15) to base 12.
176
2475 (base 15) to base 4
1321100
What is -552 (base 6) in base 3?
-21212
Convert -140331 (base 5) to base 16.
-1654
Convert -1321310 (base 4) to base 3.
-101200202
Convert 7d9 (base 16) to base 14.
a37
What is 42d (base 14) in base 11?
690
What is 5 (base 6) in base 9?
5
1405 (base 10) to base 12
991
-450354 (base 6) to base 16
-935e
-1200211 (base 3) to base 2
-10011010101
Convert -235 (base 8) to base 7.
-313
390 (base 13) to base 3
212010
-255430 (base 7) to base 15
-e151
What is 338 (base 16) in base 3?
1010112
What is 4200 (base 12) in base 6?
53200
What is 1011100110010 (base 2) in base 12?
352a
Convert e4a2 (base 15) to base 2.
1011110010101110
Convert 10022011 (base 3) to base 10.
2407
-55151 (base 8) to base 4
-11221221
1094 (base 15) to base 4
312322
Convert 120001 (base 3) to base 15.
1c1
Convert e67 (base 16) to base 3.
12001120
What is 453 (base 10) in base 5?
3303
-1001100011 (base 2) to base 11
-506
-732 (base 10) to base 5
-10412
Convert -1202 (base 3) to base 2.
-101111
What is -10301301 (base 4) in base 14?
-71bb
What is -240353 (base 6) in base 3?
-1001122020
What is a3d0 (base 14) in base 7?
145150
43 (base 15) to base 7
120
Convert -20220 (base 5) to base 16.
-51e
24546 (base 8) to base 12
6172
Convert 276e (base 15) to base 8.
20355
What is -bb7 (base 12) in base 8?
-3273
What is -1122110 (base 3) in base 7?
-3333
Convert -40401 (base 5) to base 4.
-220221
Convert -11000011100011 (base 2) to base 5.
-400030
Convert d03 (base 16) to base 5.
101311
What is -1010000110 (base 2) in base 11?
-538
-1306 (base 7) to base 15
-231
1442 (base 5) to base 16
f7
Convert 482 (base 12) to base 10.
674
What is -3202420 (base 5) in base 13?
-1b463
Convert 10208 (base 10) to base 11.
7740
1001011000011 (base 2) to base 14
1a71
1500 (base 6) to base 11
330
Convert 64226 (base 8) to base 15.
7dee
What is -14 (base 15) in base 10?
-19
Convert -86 (base 12) to base 9.
-123
105 (base 6) to base 8
51
Convert -160 (base 9) to base 14.
